
-1022
Convert -33 (base 10) to base 7.
-45
Convert -111010 (base 2) to base 4.
-322
What is 1 (base 2) in base 10?
1
Convert 116 (base 7) to base 13.
4a
-14 (base 10) to base 13
-11
What is 2 (base 3) in base 6?
2
-11 (base 11) to base 12
-10
-45 (base 9) to base 3
-1112
-4 (base 14) to base 8
-4
3 (base 13) to base 14
3
Convert 78 (base 16) to base 9.
143
Convert 97 (base 10) to base 7.
166
-10010 (base 2) to base 14
-14
What is 103 (base 12) in base 9?
173
Convert 7c (base 15) to base 7.
225
101111100 (base 2) to base 9
462
What is -a (base 11) in base 7?
-13
-10 (base 6) to base 9
-6
What is 1 (base 10) in base 6?
1
Convert 24 (base 10) to base 3.
220
Convert -b (base 16) to base 4.
-23
-b (base 14) to base 10
-11
13 (base 5) to base 7
11
-7 (base 16) to base 2
-111
-10111 (base 2) to base 3
-212
Convert 1 (base 5) to base 11.
1
-36 (base 11) to base 5
-124
1 (base 10) to base 8
1
-31 (base 8) to base 13
-1c
10010010 (base 2) to base 15
9b
5 (base 16) to base 13
5
What is 18 (base 16) in base 9?
26
Convert 24 (base 6) to base 4.
100
4 (base 8) to base 5
4
What is 71 (base 10) in base 13?
56
Convert 2 (base 16) to base 5.
2
Convert -2a (base 13) to base 11.
-33
-102 (base 7) to base 11
-47
What is -4 (base 12) in base 6?
-4
Convert -11111100 (base 2) to base 10.
-252
Convert -a (base 12) to base 10.
-10
What is 13 (base 5) in base 3?
22
Convert 24 (base 6) to base 14.
12
-10 (base 5) to base 16
-5
Convert -1a (base 14) to base 8.
-30
What is -443 (base 6) in base 9?
-210
Convert 2 (base 11) to base 8.
2
What is -2c (base 15) in base 3?
-1120
Convert 32 (base 5) to base 7.
23
Convert 1 (base 2) to base 10.
1
What is -6 (base 7) in base 16?
-6
-2 (base 4) to base 8
-2
Convert -c5 (base 15) to base 6.
-505
Convert 0 (base 14) to base 4.
0
Convert 2c (base 14) to base 11.
37
What is -51 (base 12) in base 3?
-2021
2 (base 3) to base 2
10
Convert 12 (base 7) to base 12.
9
-2c (base 13) to base 8
-46
What is -203 (base 4) in base 6?
-55
Convert -311 (base 4) to base 9.
-58
What is -64 (base 9) in base 5?
-213
-3a (base 15) to base 12
-47
0 (base 2) to base 5
0
What is 3 (base 14) in base 7?
3
1 (base 15) to base 7
1
Convert -1 (base 5) to base 2.
-1
-17 (base 16) to base 12
-1b
23 (base 14) to base 9
34
Convert 5 (base 9) to base 4.
11
What is 1ad (base 14) in base 6?
1341
What is -1 (base 7) in base 15?
-1
Convert 10 (base 5) to base 6.
5
What is -1 (base 12) in base 10?
-1
5 (base 11) to base 3
12
10 (base 9) to base 11
9
Convert -14 (base 10) to base 7.
-20
Convert -13 (base 5) to base 6.
-12
What is 5 (base 10) in base 7?
5
18 (base 9) to base 2
10001
Convert -3 (base 16) to base 8.
-3
447 (base 8) to base 13
199
Convert 19 (base 14) to base 11.
21
What is -122 (base 4) in base 11?
-24
What is -3 (base 6) in base 14?
-3
Convert 2232 (base 4) to base 2.
10101110
What is -1 (base 16) in base 12?
-1
What is 2a (base 14) in base 9?
42
-11 (base 10) to base 4
-23
-17 (base 16) to base 9
-25
What is 13 (base 7) in base 5?
20
Convert -1 (base 15) to base 9.
-1
Convert -310 (base 9) to base 12.
-190
0 (base 8) to base 4
0
What is -20 (base 3) in base 8?
-6
What is 32 (base 10) in base 15?
22
Convert 3d (base 16) to base 15.
41
What is a (base 15) in base 6?
14
Convert 33 (base 5) to base 16.
12
-5 (base 16) to base 8
-5
Convert 7 (base 9) to base 7.
10
-10 (base 6) to base 5
-11
What is -403 (base 5) in base 12?
-87
Convert -10 (base 5) to base 7.
-5
Convert -33 (base 12) to base 2.
-100111
What is 3 (base 10) in base 8?
3
What is -1142 (base 5) in base 15?
-b7
What is 31 (base 4) in base 10?
13
Convert 111 (base 4) to base 7.
30
Convert -40 (base 7) to base 4.
-130
-1111 (base 3) to base 9
-44
Convert 1 (base 16) to base 11.
1
-136 (base 7) to base 8
-114
Convert -56 (base 7) to base 5.
-131
-2 (base 16) to base 11
-2
Convert -111 (base 15) to base 11.
-1aa
What is 22 (base 14) in base 9?
33
3 (base 13) to base 14
3
100001101 (base 2) to base 3
100222
What is -2 (base 16) in base 5?
-2
What is 1e (base 15) in base 6?
45
-5 (base 14) to base 5
-10
Convert 10 (base 14) to base 12.
12
Convert -1 (base 15) to base 5.
-1
What is -1 (base 8) in base 3?
-1
1a (base 14) to base 3
220
Convert -503 (base 9) to base 13.
-255
214 (base 7) to base 6
301
2 (base 11) to base 3
2
What is 42 (base 11) in base 13?
37
What is -2 (base 4) in base 14?
-2
What is -46 (base 7) in base 10?
-34
Convert 2 (base 5) to base 9.
2
What is 91 (base 10) in base 8?
133
What is -213 (base 5) in base 7?
-112
What is 2 (base 12) in base 6?
2
What is -3000 (base 5) in base 13?
-22b
What is -4 (base 10) in base 6?
-4
Convert 2 (base 8) to base 14.
2
What is 142 (base 10) in base 2?
10001110
What is -120 (base 7) in base 10?
-63
Convert -237 (base 11) to base 8.
-432
-4 (base 15) to base 12
-4
Convert 0 (base 11) to base 16.
0
What is 0 (base 2) in base 3?
0
Convert 53 (base 12) to base 8.
77
Convert 14 (base 12) to base 15.
11
Convert 8 (base 14) to base 7.
11
What is 8 (base 13) in base 15?
8
Convert -1 (base 16) to base 6.
-1
Convert -15 (base 11) to base 8.
-20
Convert -17 (base 15) to base 9.
-24
What is -8 (base 9) in base 12?
-8
-204 (base 5) to base 13
-42
Convert -4 (base 9) to base 5.
-4
Convert 1 (base 5) to base 16.
1
7b (base 14) to base 10
109
What is -28 (base 14) in base 9?
-40
What is 3 (base 4) in base 5?
3
1 (base 6) to base 15
1
5 (base 11) to base 4
11
Convert 110 (base 3) to base 15.
c
Convert 101 (base 5) to base 15.
1b
What is b (base 12) in base 3?
102
What is 23 (base 6) in base 13?
12
What is 12 (base 4) in base 9?
6
What is c5 (base 13) in base 14?
b7
What is -3 (base 11) in base 9?
-3
-222 (base 5) to base 8
-76
-20001 (base 3) to base 10
-163
Convert -125 (base 9) to base 12.
-88
104 (base 11) to base 12
a5
Convert 55 (base 7) to base 4.
220
-11 (base 2) to base 10
-3
What is -4 (base 14) in base 4?
-10
What is 26 (base 12) in base 9?
33
6 (base 9) to base 12
6
What is -100 (base 3) in base 8?
-11
What is 1101001 (base 2) in base 6?
253
Convert -37 (base 13) to base 12.
-3a
What is -2 (base 7) in base 8?
-2
Convert 1b (base 13) to base 7.
33
What is 25 (base 13) in base 4?
133
-111001 (base 2) to base 13
-45
Convert -2213 (base 5) to base 13.
-1a9
Convert -100000100 (base 2) to base 16.
-104
Convert -5 (base 9) to base 16.
-5
Convert -22 (base 5) to base 7.
-15
What is -4 (base 11) in base 12?
-4
-111 (base 2) to base 12
-7
8a (base 16) to base 13
a8
Convert 3 (base 8) to base 15.
3
Convert -6 (base 12) to base 4.
-12
1 (base 14) to base 11
1
Convert -5 (base 16) to base 2.
-101
What is 2a (base 14) in base 16?
26
Convert -76 (base 9) to base 15.
-49
Convert 425 (base 6) to base 9.
188
Convert -162 (base 8) to base 9.
-136
2 (base 13) to base 6
2
Convert -525 (base 6) to base 15.
-d2
What is 1 (base 7) in base 3?
1
Convert 27 (base 10) to base 14.
1d
What is -21 (base 11) in base 6?
-35
9 (base 10) to base 8
11
Convert -20 (base 16) to base 8.
-40
Convert 56 (base 16) to base 12.
72
What is 100000001 (base 2) in base 13?
16a
42 (base 7) to base 13
24
Convert -9 (base 12) to base 9.
-10
Convert -21 (base 13) to base 12.
-23
-7 (base 10) to base 16
-7
Convert 404 (base 5) to base 7.
206
What is -100 (base 3) in base 16?
-9
What is -7 (base 13) in base 15?
-7
14 (base 14) to base 9
20
What is -13 (base 11) in base 8?
-16
Convert 12 (base 15) to base 2.
10001
1 (base 13) to base 15
1
-37 (base 16) to base 5
-210
Convert 26 (base 9) to base 5.
44
Convert -54 (base 6) to base 4.
-202
Convert 11 (base 4) to base 7.
5
-1 (base 11) to base 3
-1
What is -2033 (base 4) in base 11?
-120
What is 2 (base 9) in base 10?
2
4 (base 7) to base 12
4
What is 53 (base 7) in base 12?
32
Convert 222 (base 4) to base 8.
52
Convert 180 (base 13) to base 12.
1a9
-21 (base 10) to base 5
-41
Convert -111 (base 2) to base 10.
-7
-32 (base 4) to base 8
-16
-23 (base 13) to base 6
-45
What is 3 (base 16) in base 4?
3
What is -11 (base 5) in base 3?
-20
Convert 3 (base 4) to base 14.
3
What is 11 (base 3) in base 2?
100
-30 (base 8) to base 15
-19
What is -c (base 15) in base 10?
-12
55 (base 9) to base 8
62
What is 101011 (base 2) in base 8?
53
2 (base 15) to base 13
2
Convert 3 (base 16) to base 9.
3
What is -2001 (base 3) in base 10?
-55
What is -11c (base 13) in base 7?
-365
-132 (